t is the remainder when m is divided by 34?
30
Suppose 13 = -3*o + 70. Let g be 11*3*2/((-12)/62). Let r = -268 - g. What is the remainder when r is divided by o?
16
Suppose 5*i + 0*y = 4*y + 45, 5*y - 25 = 0. Calculate the remainder when (19/(-2))/(2 + (-27)/12) is divided by i.
12
Let r(j) = j**3 - 7*j**2 + 6*j + 10. Let f be r(4). What is the remainder when (-18)/(-42) - 246/f is divided by 2?
0
Let y(m) = 298*m + 10141. What is the remainder when 290 is divided by y(-34)?
2
Let j = -251 + 429. Let i = 47 - 35. What is the remainder when j is divided by i?
10
Suppose -6*z + 3*z = -936. Suppose 0 = 3*x + o - z, 0 = -o - 0*o + 3. Let g = -33 + 54. Calculate the remainder when x is divided by g.
19
Let m(y) = y**2 - 17*y - 1. Let w(d) = -21*d + 117. Let p be w(0). Suppose u = p - 70. Calculate the remainder when u is divided by m(18).
13
What is the remainder when 688 is divided by (37479/(-26))/(-31) + (2 - 5/10)?
16
Let m(d) = -3*d + 6*d - 23 + 25. Let i be m(1). Suppose 4*g - 18 - 38 = i*c, 0 = -c. What is the remainder when g is divided by 2?
0
Let x = 12302 - 11997. Calculate the remainder when x is divided by 24.
17
Let r(j) = -7*j + 419. What is the remainder when 96 is divided by r(48)?
13
Let y(t) = -t**3 + 6. Suppose 442*h + 219*h = 67893 + 8783. What is the remainder when h is divided by y(0)?
2
Let g(o) = 2*o**3 - 35*o**2 + 14*o. Let q(t) = t**3 - 17*t**2 + 7*t. Let z(n) = -6*g(n) + 13*q(n). Calculate the remainder when 148 is divided by z(11).
71
Let w(i) = 3*i + 19. Suppose -2*t + 2*l = -t - 5, 0 = t + 3*l + 20. Calculate the remainder when w(t) is divided by 4.
0
Let i(x) = 2*x**2 + 6*x + 2. Let w be i(-1). Let p(a) = a**2 - 5*a + 1. Let o be p(2). Calculate the remainder when o/(-2)*(-1)/(w/8) is divided by 4.
2
Suppose -51*s + 50*s = -4*f + 92, -3*f + 4*s + 69 = 0. What is the remainder when 1424 is divided by f?
21
Suppose -12*g + 682 + 674 = 0. What is the remainder when g is divided by 112?
1
Let u = 16288 - 16271. What is the remainder when (8/3)/((-8)/(-852)) is divided by u?
12
Suppose -3*k = -3*q + 5265, -k = -2*q - 539 + 4056. Calculate the remainder when q is divided by 84.
82
Suppose x - 6*x = -5*m - 185, 89 = -2*m - 3*x. What is the remainder when 46/(-3)*300/m is divided by 39?
37
Suppose 3*o - 110 - 10 = 0. Let l(m) = m**2 - 34*m + 8. Let c be l(34). Suppose -4*v + o = -c. What is the remainder when 43 is divided by v?
7
Suppose 2*k + 2*k = 788. What is the remainder when k is divided by 18/4 + 2800/160?
21
Let s(n) = 2*n**2 - 2*n + 3. Let i be s(2). Let w(m) = 232*m - 742. Let p be w(5). Suppose i*v - p - 345 = 0. Calculate the remainder when v is divided by 28.
25
Suppose 0*s - 2231 = -15*s + 6544. Calculate the remainder when s is divided by 26.
13
Suppose -2*n - 3*b + 22 = 0, 56 = -43*n + 44*n - 6*b. Calculate the remainder when 29 is divided by n.
9
Let v = -2876 - -2883. Calculate the remainder when 474 is divided by v.
5
Suppose 145*a + 35*a = 7560. Calculate the remainder when 115 is divided by a.
31
Let s = 23 + 93. Suppose 3*m - 3*u - 177 = 0, 5*m = -4*u + 366 - 62. Calculate the remainder when s is divided by m.
56
Let z(q) = -q**3 - 11*q**2 + 47*q + 564. Let v(m) = 70*m**2. What is the remainder when v(-1) is divided by z(-11)?
23
Let h(i) = 4*i**2 - 17*i - 83. Let u be h(-6). Suppose 108 = 169*g - u*g. What is the remainder when 46 is divided by g?
10
Suppose -10*s = -30*s - 780. Suppose 0 = 4*h - h, 0 = -5*b + 4*h + 200. What is the remainder when b is divided by (-47)/(-3) + (-13)/s?
8
Suppose 7*t - 1026 - 2341 = 0. Calculate the remainder when 2409 is divided by t.
4
Let y = 5361 + -4946. Calculate the remainder when y is divided by 110.
85
Let p = 17058 + -17033. What is the remainder when 1148 is divided by p?
23
Suppose 0 = -15*r - 93 - 12. Let n(j) = 4*j**2 + j**2 + 2 + 28*j + 5*j. What is the remainder when 75 is divided by n(r)?
11
Suppose 3*f - 51 = -3*x, 3*x - 35 = -2*f + 3*f. Let v = 128 - 108. What is the remainder when v is divided by x?
7
Let u(g) = 2*g + 244. Let m = 10 + 7. Calculate the remainder when u(-98) is divided by m.
14
Suppose 3*f - 3*v - 27 = 0, 0 = -5*f + 4*v + 41 - 1. What is the remainder when 3*(-2)/12 - (-598)/f is divided by 26?
19
Suppose 5*a - 1 = -3*w + 7, 4*w - a = 3. Let s be ((-4)/(-18))/(w + 8/(-9)). Let r(t) = 15*t - 17. Calculate the remainder when 49 is divided by r(s).
10
Let n(c) = 3*c**3 + c**2 - 15*c + 35. Calculate the remainder when 1119 is divided by n(3).
79
Suppose -3*z - 3*h + 12 = -0*h, 14 = 4*z + 5*h. Suppose -z*w + 7*w = 3. Calculate the remainder when 48 is divided by (w + -1)*2 + 22.
22
Suppose 130 + 177 = -3*v - 4*t, 3*t - 85 = v. Suppose 0 = 3*c + 209 + 292. Let m = v - c. What is the remainder when m is divided by 18?
16
Let v(q) = 6*q - 4. Let p(f) = -25*f**2 - f + 1. Let s(z) = -12*z**2 - z. Let n(w) = 2*p(w) - 5*s(w). What is the remainder when n(-4) is divided by v(7)?
36
Let n(a) = 257*a**2 + 40*a + 141. Calculate the remainder when n(-8) is divided by 24.
21
Let n(t) = -2*t**3 + 10*t**2 - 2*t - 6. Let r be n(4). Suppose -r*x + 170 = -46. Calculate the remainder when 68 is divided by x.
8
Suppose 3*q + p - 1021 = 0, 2*p + 11 + 667 = 2*q. Suppose 0 = -314*k + 298*k + 688. Calculate the remainder when q is divided by k.
39
Let k(x) = 482*x + 1. Let g be k(1). Suppose 4*n - 5 - g = 0. What is the remainder when n is divided by 35?
17
Suppose 3*r = 3*t + 1134, -5*r + 4*t + 1307 = -588. Calculate the remainder when 1158 is divided by r.
9
Suppose 118*o = 59830 - 16170. Calculate the remainder when 1123 is divided by o.
13
Suppose -2*u + 6 = -2*i - 0*u, -4*u = 4. Suppose -5*s + 7 + 8 = -2*q, -3*s = 4*q - 9. What is the remainder when 427/49 - i/14 is divided by s?
0
What is the remainder when 865 is divided by (-5820)/(-80) + (-6)/8?
1
Let c(j) = 50*j**2 + 141*j - 633. Calculate the remainder when c(4) is divided by 121.
5
Let t = 9786 + -9440. What is the remainder when t is divided by 115?
1
Let s(u) = -4*u + 22. Let o be s(4). Suppose -o*l = -2*l - 172. Let b(m) = -2*m**2 - 18*m + 16. Calculate the remainder when l is divided by b(-9).
11
Suppose -5*r + 278 = 3*b, -29*r + 28*r + 22 = -5*b. What is the remainder when 389 is divided by r?
25
Let t = -263 - -263. Suppose t = -64*r + 55*r + 306. What is the remainder when 63 is divided by r?
29
Calculate the remainder when (-357396)/(-273) - 5/35 is divided by 82.
79
Let v(x) = 29*x**2 + 7*x - 1. Let p be v(6). Suppose 3*n = 10*n - p. Suppose -31 = -6*t + n. Calculate the remainder when t is divided by 8.
7
Suppose -196 = -4*i - 5*x, -36 = 276*x - 279*x. Let w(k) = -10*k + 4. Calculate the remainder when w(-5) is divided by i.
20
Let m = -78 - -81. Let r = -143 - -221. Suppose -m*g = 2*c - 2*g - 101, c - 5*g - r = 0. Calculate the remainder when c is divided by 9.
8
Suppose 37*d = 41*d - 488. Suppose 0 = 8*u - 11*u + 54. What is the remainder when d is divided by u?
14
Let k(b) = -b**3 + 22*b**2 - 50*b + 176. Calculate the remainder when k(18) is divided by 31.
14
Suppose 0*w = -4*w + 32. Suppose -7*q = 36 - 85. Suppose 3*z + a - 4 = 7, z + 2*a = q. Calculate the remainder when w is divided by z.
2
Let p = 1531 - 1507. Calculate the remainder when 733 is divided by p.
13
Suppose -25*k = -28*k + 114. Let a = k + 35. Calculate the remainder when a is divided by 24.
1
Suppose -2*q + r - 343 + 1259 = 0, 0 = 5*r + 10. Let a = -437 + q. Calculate the remainder when 312 is divided by a.
12
Let o = 262 + -260. Suppose 0 = 4*q + o*y - 164 - 88, -2*q = -2*y - 114. What is the remainder when q is divided by 16?
13
Let b = -99 + 123. Suppose -u - y = -57 - b, -2*u = -y - 147. Calculate the remainder when u is divided by (-3)/(2*4/(-104)).
37
Let v = 603 - 586. Suppose 2*x + 4*c = 114, 0 = 5*x - 4*c - 0*c - 341. What is the remainder when x is divided by v?
14
Suppose 0*f + 7 = f, -5*r + 476 = -2*f. What is the remainder when 1366 is divided by r?
92
Suppose 7*f - 36 = 20. Suppose -11*v = -3*k - f*v + 339, -332 = -3*k - 4*v. Calculate the remainder when 219 is divided by k.
107
Let l = 96 - 91. What is the remainder when 29 is divided by (-1)/l*-2 - 2580/(-300)?
2
Suppose -k - 4 = 0, 3*h = h - 2*k - 22. Let i(b) = -12*b**2 - 3*b - 2*b**3 - 2*b + 2*b + 5*b. Calculate the remainder when i(h) is divided